t is -37404 - 2?
-37406
In base 10, what is 771 - 20?
751
In base 4, what is 112103 - 3131?
102312
In base 13, what is -10 - 69a8?
-69b8
In base 10, what is 1 + -15315?
-15314
In base 11, what is 34625 - 2?
34623
In base 9, what is 13706 + -157?
13538
In base 8, what is -166110 + -11?
-166121
In base 6, what is -102 - 1215404?
-1215510
In base 11, what is -4 + 21968?
21964
In base 13, what is -189 - -681?
4c5
In base 9, what is 100 - 62?
27
In base 14, what is 2c + 269?
297
In base 8, what is 1 - 240403?
-240402
In base 13, what is 1b7a864 + 1?
1b7a865
In base 13, what is 7717 - 10?
7707
In base 11, what is 158 - -58?
205
In base 7, what is -442 + -134243?
-135015
In base 4, what is 113 - 12003132?
-12003013
In base 10, what is 33 + -2800?
-2767
In base 16, what is -3 - -20c48?
20c45
In base 2, what is 100000100000011111 - -101?
100000100000100100
In base 4, what is -202 + 222?
20
In base 14, what is -3a + -4b15?
-4b51
In base 9, what is -8 + -13407?
-13416
In base 11, what is 265 + 13?
278
In base 2, what is -10011011010001001 + 101?
-10011011010000100
In base 11, what is -1656 - 3?
-1659
In base 4, what is -11 - 1313123033?
-1313123110
In base 11, what is 2 - 358577?
-358575
In base 16, what is 3f + 1df?
21e
In base 12, what is 2053 - -10?
2063
In base 9, what is 14018 + -74?
13834
In base 7, what is 15354 + -16?
15335
In base 6, what is 3544 - -43451?
51435
In base 14, what is -aba2 - 5?
-aba7
In base 11, what is -2 + 17965a?
179658
In base 15, what is -73 + 96?
23
In base 13, what is 4bc + 1b6?
6a5
In base 13, what is -12 + -512?
-524
In base 3, what is -100 + 112001110?
112001010
In base 8, what is -5116 - -6?
-5110
In base 8, what is -53645 - 1?
-53646
In base 3, what is 2212122 - 21012?
2121110
In base 3, what is 202222 + -202?
202020
In base 13, what is 1 - -1b4948?
1b4949
In base 16, what is 746 - 5cf?
177
In base 7, what is 1 + -33500?
-33466
In base 2, what is -11011001 - -1101010111?
1001111110
In base 16, what is 33c + -26?
316
In base 6, what is -531 - 2214?
-3145
In base 7, what is 445 + -255?
160
In base 4, what is -133221 - -330?
-132231
In base 11, what is -4 + 132559?
132555
In base 5, what is 12434 - -2203?
20142
In base 12, what is 107 - -33?
13a
In base 4, what is 2000 - -2022?
10022
In base 6, what is -144 - -101?
-43
In base 6, what is -4113243 - 10?
-4113253
In base 11, what is -34 - -4484?
4450
In base 9, what is 1 - -338?
340
In base 3, what is -1010202121 - 2210?
-1010212101
In base 9, what is -2044 - -5?
-2038
In base 16, what is d - -1de3?
1df0
In base 6, what is -3 + 12451251?
12451244
In base 8, what is 3373 + -50?
3323
In base 2, what is -11 + 110101100101111101?
110101100101111010
In base 11, what is -11 - -20374?
20363
In base 8, what is -14312 - 4?
-14316
In base 7, what is 3 + -155634?
-155631
In base 4, what is -322 - 111330?
-112312
In base 4, what is -213303200 - 0?
-213303200
In base 15, what is -2e33 - -9?
-2e29
In base 7, what is 3 - 342134?
-342131
In base 5, what is 304 - -3320?
4124
In base 14, what is 1 - 3712?
-3711
In base 8, what is -24745 - 2?
-24747
In base 15, what is -4 + 3c079?
3c075
In base 10, what is 14 - 21600?
-21586
In base 8, what is 6001 + -305?
5474
In base 15, what is 1 - 7056?
-7055
In base 3, what is -2 + -1102001122?
-1102001201
In base 15, what is -34 - dd7?
-e1b
In base 6, what is 1013 + 111?
1124
In base 14, what is -29 - -3162?
3137
In base 10, what is -54232 + -1?
-54233
In base 5, what is -114301 - 3311?
-123112
In base 14, what is -2a - -20412?
203c6
In base 6, what is -423 - -1251?
424
In base 10, what is -1 - -1013552?
1013551
In base 14, what is -c + -173?
-181
In base 6, what is 10245203 - -4?
10245211
In base 8, what is -462 + -446?
-1130
In base 5, what is 14141 - 1340?
12301
In base 3, what is 1021221220 - 10?
1021221210
In base 7, what is 66 - -12452?
12551
In base 10, what is 14717 + 5?
14722
In base 9, what is 28255434 + 0?
28255434
In base 12, what is -21620 + 0?
-21620
In base 8, what is -166241 + 12?
-166227
In base 14, what is -ddbd + 4?
-ddb9
In base 4, what is -1000301320 - -2?
-1000301312
In base 12, what is b58 - -4?
b60
In base 4, what is 2332230113 + -3?
2332230110
In base 4, what is -1 - -32033310?
32033303
In base 4, what is -11331122 - 113?
-11331301
In base 15, what is 1a93 - -c7?
1b6a
In base 11, what is -4 - 1413?
-1417
In base 16, what is -fb - 1a4?
-29f
In base 10, what is -793046 - -4?
-793042
In base 7, what is -10 - 111?
-121
In base 9, what is -15 + 7850?
7834
In base 15, what is -2 + -1b9b2?
-1b9b4
In base 2, what is 10 - -1100110001101011111?
1100110001101100001
In base 5, what is -20413111 - 0?
-20413111
In base 2, what is 1000001101 - -100111111?
1101001100
In base 9, what is 2 - -8270?
8272
In base 9, what is 8 + 5855?
5864
In base 6, what is 25510 + -4?
25502
In base 10, what is 4 + 13302?
13306
In base 11, what is 3 + -309a93?
-309a90
In base 13, what is -7 - 2887?
-2891
In base 5, what is 234 - -2433440?
2434224
In base 8, what is 5 - -54070?
54075
In base 9, what is 85868 + 5?
85874
In base 7, what is 15 + 321331?
321346
In base 11, what is -2a0276 + -5?
-2a0280
In base 15, what is -1602a + 36?
-15ee4
In base 7, what is 4 - 554342?
-554335
In base 2, what is -100100011011011 + 11001?
-100100011000010
In base 5, what is -101 + -424242?
-424343
In base 2, what is 1010101 + 10001101000?
10010111101
In base 8, what is 27 + 27052?
27101
In base 5, what is 2 + -33214332?
-33214330
In base 15, what is b3e + -4?
b3a
In base 10, what is 127352 - -2?
127354
In base 11, what is 84 - -1700?
1784
In base 12, what is 5 - 170a?
-1705
In base 3, what is -1021 - 1101120?
-1102211
In base 11, what is -3 - -69700?
696a8
In base 10, what is 1 - 13051?
-13050
In base 14, what is -7a - 1d6a?
-2006
In base 4, what is -1230 + 31221?
23331
In base 6, what is -24 + 531511?
531443
In base 3, what is 10110 + 122100021?
122110201
In base 12, what is 45 + -3a5?
-360
In base 4, what is 10 + -3012030032?
-3012030022
In base 15, what is -697 + 12?
-685
In base 15, what is 3 - -a9339?
a933c
In base 8, what is 514 - 2441?
-1725
In base 15, what is -1dc88 - -2?
-1dc86
In base 15, what is -21 + 817?
7e6
In base 5, what is 2 - -424331?
424333
In base 3, what is 11 - 200201?
-200120
In base 13, what is -603346 + -2?
-603348
In base 4, what is 210 + 211033?
211303
In base 2, what is -100 + -100010011101101011?
-100010011101101111
In base 3, what is -1020112 - 22100122?
-100121011
In base 10, what is 0 + -20656?
-20656
In base 12, what is 3a6 - -38b?
775
In base 8, what is -635 - -115?
-520
In base 9, what is -6 + 48807?
48801
In base 3, what is 112 - 220?
-101
In base 4, what is -100222221013 + -1?
-100222221020
In base 13, what is -95 - 10a39?
-10b01
In base 6, what is -14210203 - -5?
-14210154
In base 8, what is 10257245 - 4?
10257241
In base 16, what is bb988 - -4?
bb98c
In base 14, what is 2460cb - 0?
2460cb
In base 9, what is 26465 + -7?
26457
In base 3, what is 101100 - -10112000?
10220100
In base 13, what is -36 - 17c40?
-17c76
In base 10, what is -35213 - -8?
-35205
In base 13, what is 43 - -4316?
4359
In base 16, what is -7e06 - d?
-7e13
In base 16, what is -7 + -77a?
-781
In base 5, what is -2 + -134012?
-134014
In base 3, what is 211112 - -11200222?
12112111
In base 11, what is -330 - -a8?
-233
In base 5, what is 2144310 - -20?
2144330
In base 2, what is 111001100000101010 - -100?
111001100000101110
In base 11, what is 2aa3 - -14?
3007
In base 11, what is 102 + -1220?
-1119
In base 15, what is -4 - 6bcd?
-6bd2
In base 10, what is 23741 - 131?
23610
In base 14, what is -2 + 31571b?
315719
In base 12, what is -463 + -17?
-47a
In base 8, what is 13 + 101431?
101444
In base 11, what is 1a17 - 119?
18a9
In base 15, what is 27 - -369?
391
In base 14, what is 18c + -17?
175
In base 15, what is 99 + 105?
19e
In base 10, what is -22733 + -3?
-22736
In base 6, what is 21 - -245024?
245045
In base 11, what is -73 + -1781?
-1844
In base 5, what is -10 + 214112?
214102
In base 10, what is 145442 + -2?
145440
In base 3, what is 12110 - -1210011?
1222121
In base 16, what is -320b - -2?
-3209
In base 11, what is -9 + 2258?
224a
In base 6, what is 1000 - -101?
1101
In base 5, what is -101011 + 40?
-100421
In base 5, what is 32223 + 101?
32324
In base 8, what is 37333 + 